n factor of 129 and l?
43
Let b be 26/65 + 1064/(-10). Let q = b + 216. Calculate the greatest common factor of 154 and q.
22
Let j(t) = -t**3 + 4*t**2 + 4*t - 4. Let q be j(4). Let x = 514 + -494. What is the greatest common divisor of q and x?
4
Let f(c) = -c**2 + 12*c - 5. Let x = -27 - -38. Let u be f(x). Suppose v = -4*v + z + 74, v - u = -2*z. What is the greatest common factor of v and 112?
14
Let b(c) be the first derivative of -c**4/4 + 10*c**3 - 7*c**2/2 - 66*c + 233. Let i be b(29). What is the greatest common factor of 88 and i?
44
Suppose -7*r + 834 = -76. Let k = r + -82. Let l(d) = d**2 - 17*d + 28. Let b be l(16). What is the highest common factor of b and k?
12
Let k(m) = m**3 + 5*m**2 - 8*m - 8. Let z be k(-6). Let w = 22 - z. Let b(r) = -84*r - 42. Let y be b(-2). Calculate the greatest common factor of w and y.
18
Suppose -1 = -10*x + 49. Suppose g + x*w - 29 = 3*w, 2*w = -4. What is the highest common factor of g and 99?
33
Let c(r) = 1079*r - 12918. Let u be c(12). Calculate the greatest common factor of 25 and u.
5
Let c be (-17146)/(-16) + (-6)/(-16). What is the highest common factor of 16 and c?
16
Let l(k) = -1309*k - 7047. Let y be l(-11). Calculate the highest common divisor of y and 8.
8
Suppose -85*d + 26*d + 944 = 0. Calculate the greatest common factor of d and 632.
8
Let k(s) = 24*s**2 - 176*s + 1376. Let z be k(8). Calculate the greatest common factor of z and 141.
47
Let p = 1143 + -444. Suppose -3*i - 78 = -p. Calculate the highest common factor of 23 and i.
23
Let m = -3 + 4. Let h be (m - 3) + 0 + 0 + -38. Let c = h - -66. Calculate the highest common divisor of c and 208.
26
Let j(n) = -11*n + 299. Let x be j(-109). Calculate the greatest common factor of x and 238.
14
Let q be -2 - (-156 + 0 - (-21 - -14)). What is the greatest common factor of 5096 and q?
49
Let o(s) = -44*s + 7125. Let m be o(155). What is the greatest common divisor of m and 4087?
61
Suppose -16 = 14*o - 2. Let b be (-10)/(-6) + o + 19/57. What is the greatest common factor of b and 67?
1
Let a = 19439 - 13607. What is the greatest common factor of a and 8?
8
Let n be (2/(-8))/1 - 102/8. Let b be (n/3)/(4/(-24)). Suppose 0*p + 2*t + 36 = 3*p, -p = 4*t - b. What is the highest common divisor of p and 14?
14
Let v(x) = -x**2 - 12*x - 30. Let w be v(-8). Let s = -27 - -41. Let t = s - w. What is the highest common factor of t and 48?
12
Suppose 2*b - 112 - 64 = 0. Suppose 3*g - b - 54 = 5*k, 3*k - 82 = -2*g. Calculate the highest common divisor of g and 55.
11
Let m(a) be the second derivative of a**5/20 - a**4/4 + a**3 - 4*a**2 + a - 1. Let b be m(4). What is the highest common factor of 32 and b?
32
Let i be (31 - -19)/(11/209). Calculate the highest common divisor of i and 342.
38
Let a be (-1*1)/(2/(-72)). Let m(p) = 14 + 3*p**3 + 3*p - p**2 - 5 - 10. Let z be m(1). Calculate the greatest common divisor of z and a.
4
Suppose -6*v = -5*v + 2*z - 183, -z + 739 = 4*v. What is the greatest common factor of 10 and v?
5
Let q be (90206/(-265))/((-4)/10). Let y = q - 809. Let p(j) = -5*j - 3. Let n be p(-3). Calculate the highest common divisor of y and n.
6
Let j = 9 + -7. Suppose 4*t + 2*w - w - 69 = 0, -4*t - j*w = -74. Let y = -13 + 21. What is the highest common divisor of y and t?
8
Suppose -33 - 12 = -5*b. Suppose 2*a + b*a = -231. Let h = a + 59. Calculate the highest common factor of h and 19.
19
Let d be 176/(-6)*12/(-8). Suppose -2*x + 240 = j, -21*j + 17*j + 113 = x. What is the greatest common divisor of x and d?
11
Let i be ((-2)/6)/(21/(-126)). Suppose -i*s = 3*s - 45. Let q(g) = g**2 - 3*g - 37. Let z be q(s). What is the greatest common factor of 153 and z?
17
Suppose l - 99 = -0*l + 3*x, -4*l = -3*x - 441. Let a(o) = -2*o**2 + 91*o - 532. Let i be a(38). Calculate the greatest common divisor of i and l.
38
Suppose 47*z = 4*c + 49*z - 39214, 4*z - 49022 = -5*c. What is the highest common divisor of c and 29?
29
Suppose 19*t - 101 + 6 = 0. Suppose -5*o = -2*o + 2*a - 46, -t*o = -a - 81. Let w be ((-120)/9)/((-2)/6). What is the highest common factor of o and w?
8
Suppose -8*d + 49058 = -48174. What is the greatest common divisor of 118 and d?
118
Let p(y) = y**3 - 22*y**2 - 82*y + 336. Let w be p(25). What is the greatest common divisor of 3473 and w?
23
Let c(p) be the first derivative of p**4/2 - 2*p**3 + p**2 + 12. Suppose 5*j - 19 = 1. Let k be c(j). What is the highest common factor of k and 20?
20
Suppose 4*n = w - 823 + 43, 0 = 5*w - 3*n - 3883. Calculate the greatest common divisor of w and 291.
97
Suppose q + 5*r + 13 = -7, -13 = q - 2*r. Let m be (-9924)/q + 4/10. Suppose -18 = -4*u + m. What is the highest common factor of 17 and u?
17
Suppose 0 = 3*c - l - 591, 0 = c + 3*l + l - 210. Suppose -6*a - 3*a = -c. Let k be (31 - -1) + a/11. Calculate the greatest common factor of 51 and k.
17
Let d = -10764 + 10768. Calculate the greatest common factor of 934 and d.
2
Suppose 6 = -3*h, -12*v - 5*h + 22 = -14*v. Let g(q) = -14*q - 201. Let o be g(v). Calculate the highest common divisor of o and 943.
23
Suppose 3*u + 3011 + 15007 = 2*v, 2*u = -v + 9009. What is the highest common divisor of 117 and v?
117
Let r(n) = 2*n + 293. Let f be r(-42). What is the greatest common factor of 1349 and f?
19
Let a be ((-228)/133)/(4/(-14)). Let l be -10 + a + 6 - (-43 + -1). What is the highest common divisor of 230 and l?
46
Let w(o) = -o**2 + 13*o - 8. Let f be w(11). Suppose -29*p = 3*d - 13022, 9*d - 4*d = 50. What is the greatest common divisor of p and f?
14
Suppose -3*n - 2 = -b + 13, -9 = -n + 5*b. Let u be (-3 - -5 - 3)/(1/n). What is the greatest common factor of 6 and u?
6
Let j = -109 + 163. Let m(c) = c**3 - 16*c**2 - 74*c - 84. Let b be m(20). What is the highest common factor of b and j?
18
Suppose 3*y + a = 215, 53 - 43 = 2*a. What is the greatest common factor of y and 735?
35
Suppose -104 = -4*i - 0*i - k, i = k + 21. What is the greatest common factor of i and 2825?
25
Let z(w) = w**2 + 10*w - 284. Let g be z(14). What is the highest common divisor of g and 247?
13
Let s(x) = -x**2 - 30*x - 184. Let r be s(-34). Let z = -273 - r. Calculate the highest common divisor of z and 94.
47
Let p = -314 - -100. Let x = -82 - p. What is the highest common factor of 24 and x?
12
Suppose 115 = 2*d + m, -5*m + 19 = d - 10*m. What is the greatest common factor of 783 and d?
27
Let g(c) = c**3 - 4*c**2 - 5*c + 6. Let a be g(5). Let n = -157 - -164. Let w be (-30)/(-12)*(n + -1). What is the highest common divisor of w and a?
3
Let u be (30/345)/((-10)/(-230)). Suppose 2*h - 3*h + 16 = 0. Calculate the greatest common factor of u and h.
2
Let n = 17273 - 16734. What is the highest common factor of 490 and n?
49
Let g = 1434 + -1098. What is the greatest common divisor of 231 and g?
21
Let q be 7/((-98)/(-1526))*50. Calculate the highest common factor of 50 and q.
50
Let k = -111 - -176. Let q be (k - -9) + 0 + 2. Let n = 156 - q. What is the greatest common divisor of n and 32?
16
Let i(w) = 0 - 1 + 2 + 10*w**2 - 3*w + 0. Let z be i(2). Suppose -3 = -n - 2, -4*k = 5*n - 25. Calculate the greatest common factor of z and k.
5
Let w = -271 - -1587. Suppose w = 7*i + 308. Calculate the greatest common divisor of 96 and i.
48
Suppose 0 = 67*b - 253364 + 46066. Calculate the highest common factor of 1105 and b.
221
Let c be 0*(-3 - -4) - -3. Suppose c*a - 6*a = -552. Suppose -199*t + 6742 = -2412. What is the highest common factor of t and a?
46
Let s be ((-24)/11)/(54/(-2232)) - 30/165. Calculate the greatest common factor of s and 360.
90
Let u = -14236 - -14296. What is the greatest common factor of 12855 and u?
15
Let n be (-110)/4*(74 + -78). Calculate the highest common divisor of n and 2926.
22
Let q(z) = 250*z + 830. Let d be q(-3). Calculate the highest common divisor of 52 and d.
4
Suppose -377 + 317 = -10*j. Calculate the highest common divisor of 726 and j.
6
Suppose -x = -2*q + 94, -5*x + 11*q = 14*q + 418. Let y be -10*((-2)/(-13) + x/52). What is the highest common factor of y and 285?
15
Let f(q) = -749*q - 7713. Let b be f(-12). What is the highest common factor of b and 14875?
425
Let b = 3931 - 3723. What is the greatest common divisor of 848 and b?
16
Let j(w) = w**2 - 18*w + 70. Let r be j(-24). What is the g